True
Is 5303838455 prime?
False
Is 9435624343 a composite number?
True
Is 154277064715 composite?
True
Is 5373605149 a prime number?
False
Is 33523286041 prime?
False
Is 3765483647 a composite number?
False
Is 29828777302 a prime number?
False
Is 1891740793 a composite number?
True
Is 960933991 a composite number?
False
Is 19415917999 prime?
False
Is 9748679929 composite?
False
Is 146345881 a composite number?
True
Is 20840081 prime?
False
Is 20290336901 prime?
False
Is 46030289 prime?
True
Is 1098338783 prime?
True
Is 3439872187 composite?
False
Is 319802869 a composite number?
False
Is 129008249 a composite number?
True
Is 65950053833 a composite number?
True
Is 14313641141 a prime number?
True
Is 19600414789 composite?
False
Is 1222733263 a composite number?
False
Is 26910327523 composite?
False
Is 1905107866 a prime number?
False
Is 62973221 a prime number?
True
Is 108857621 prime?
False
Is 1517521601 prime?
True
Is 630457559 a composite number?
True
Is 38671220509 a prime number?
False
Is 6214405643 composite?
True
Is 873983419 a prime number?
True
Is 5063767063 a prime number?
True
Is 207640673 composite?
True
Is 82607086559 composite?
True
Is 319299139 composite?
False
Is 257316467 a composite number?
False
Is 8213565439 prime?
True
Is 2378433227 composite?
False
Is 15813903839 prime?
True
Is 519621829 composite?
False
Is 477478381 a prime number?
False
Is 2231161591 a composite number?
True
Is 14587276762 a prime number?
False
Is 367876751 a composite number?
True
Is 9817070899 a prime number?
False
Is 155349221 prime?
True
Is 353053153 prime?
False
Is 51742352423 prime?
False
Is 417789640087 a prime number?
True
Is 28553579071 composite?
False
Is 6595396933 prime?
False
Is 15141918191 prime?
True
Is 30173835389 prime?
True
Is 910629053 a prime number?
False
Is 100668011 prime?
False
Is 25779578633 a prime number?
True
Is 137295329 a prime number?
False
Is 6932360605 composite?
True
Is 20772961481 prime?
False
Is 3783246407 a prime number?
False
Is 3903480791 prime?
False
Is 140787661 a composite number?
True
Is 407216743 composite?
False
Is 436859249 a composite number?
False
Is 3795347209 composite?
True
Is 2115226601 composite?
False
Is 918128611 a composite number?
False
Is 5263986623 a composite number?
True
Is 3126268903 a prime number?
True
Is 9167575114 prime?
False
Is 4625296883 composite?
False
Is 17955984211 a prime number?
False
Is 13292429861 a composite number?
False
Is 3603900979 a prime number?
False
Is 913426853 a composite number?
True
Is 2009515307 a composite number?
True
Is 7472370713 prime?
False
Is 178525655101 a composite number?
True
Is 1717122959 prime?
False
Is 1350457853 a composite number?
False
Is 85649347495 a prime number?
False
Is 15315902557 a prime number?
True
Is 3617260961 composite?
False
Is 3827924591 a prime number?
True
Is 2938013291 a composite number?
False
Is 55729493 composite?
False
Is 630365851 prime?
True
Is 435249541 a prime number?
False
Is 4568483 a composite number?
True
Is 1047390977 composite?
False
Is 9516297977 prime?
True
Is 3515197526 a composite number?
True
Is 78394034521 prime?
False
Is 67002443 prime?
False
Is 43156997029 composite?
True
Is 283178100409 a prime number?
True
Is 2430925459 prime?
True
Is 15033837499 prime?
True
Is 57617573873 prime?
True
Is 13938180955 a prime number?
False
Is 1346867273 composite?
True
Is 18844696697 a composite number?
True
Is 184828126447 composite?
True
Is 4802366117 a composite number?
False
Is 23261738807 composite?
False
Is 544711 a prime number?
False
Is 26814550963 prime?
True
Is 4226160089 a composite number?
False
Is 47180210767 prime?
True
Is 63576181 composite?
True
Is 251174347 a composite number?
False
Is 2655675761 composite?
False
Is 31442806897 composite?
True
Is 2189885597 a composite number?
False
Is 4831611947 a prime number?
True
Is 2559724309 prime?
True
Is 18170395931 composite?
True
Is 12726362399 a prime number?
False
Is 18257223581 a prime number?
True
Is 476502679 a prime number?
True
Is 156575647 a composite number?
True
Is 2880277229 composite?
True
Is 155375663 prime?
False
Is 769436153 a composite number?
True
Is 131501837 composite?
False
Is 3771696569 a composite number?
False
Is 1837580263 composite?
False
Is 182922863 a prime number?
False
Is 3603616397 a prime number?
True
Is 1852058881 a composite number?
True
Is 169446919 prime?
True
Is 1588881079 prime?
True
Is 1853985733 prime?
False
Is 246477037 prime?
True
Is 1030615549 composite?
False
Is 6328456139 prime?
False
Is 20762151877 composite?
True
Is 445231993 a prime number?
True
Is 2245494397 a composite number?
False
Is 3634075373 a prime number?
True
Is 941137117 a prime number?
False
Is 13783808399 a composite number?
False
Is 215119871 prime?
True
Is 7866456193 prime?
True
Is 7876713721 a prime number?
True
Is 298138017751 prime?
False
Is 19062217159 prime?
True
Is 14693734357 a composite number?
True
Is 78734353931 a composite number?
False
Is 22369188449 prime?
True
Is 1982165767 a composite number?
False
Is 58385194709 prime?
True
Is 13615927107 prime?
False
Is 983684162 composite?
True
Is 9356098606 a prime number?
False
Is 766829783 a composite number?
False
Is 1143649921 a composite number?
False
Is 3536192963 prime?
True
Is 1246643339 a composite number?
True
Is 562082273 prime?
True
Is 45586579765 prime?
False
Is 3882542561 composite?
False
Is 946514149 a composite number?
True
Is 232940291 a composite number?
False
Is 1218107701 prime?
True
Is 253186361 a composite number?
False
Is 1154936903 prime?
True
Is 10327840067 prime?
False
Is 152400518417 prime?
False
Is 1744256851 composite?
False
Is 8770856219 a prime number?
True
Is 15623522583 prime?
False
Is 6082211519 prime?
False
Is 4990799981 composite?
True
Is 53839353133 composite?
True
Is 255333483589 prime?
True
Is 526229227781 prime?
True
Is 705592831 a composite number?
False
Is 20928948701 prime?
True
Is 12331871219 prime?
True
Is 350406899 a prime number?
True
Is 156648926717 composite?
False
Is 984835393 a composite number?
False
Is 70634999 a prime number?
True
Is 131562391 a composite number?
False
Is 17388498305 a composite number?
True
Is 8410878601 a prime number?
False
Is 20310696751 a prime number?
True
Is 229332707 composite?
True
Is 80680089599 composite?
False
Is 4198608191 prime?
True
Is 2399539931 prime?
False
Is 1459734763 composite?
False
Is 6278219239 prime?
True
Is 15402636401 prime?
True
Is 245183899 prime?
False
Is 8352544429 composite?
True
Is 694626469 a prime number?
False
Is 2197860539 prime?
False
Is 42753156181 prime?
True
Is 1502360597 a composite number?
True
Is 128137519 composite?
True
Is 81387589 a composite number?
True
Is 1133342257 composite?
True
Is 7103777453 a prime number?
True
Is 4393008493 a composite number?
False
Is 1555001947 composite?
True
Is 13461109874 a prime number?
False
Is 5648204129 a prime number?
True
Is 2831141387 a prime number?
True
Is 1228571909 composite?
False
Is 14738932729 a composite number?
True
Is 114478261 a prime number?
False
Is 34179283703 a composite number?
True
Is 384515647 a composite number?
False
Is 742636967 prime?
True
Is 188142497 composite?
True
Is 62876795563 a composite number?
True
Is 125630129 a prime number?
True
Is 2215020947 prime?
False
Is 10177641257 a composite number?
True
Is 275802017 a prime number?
True
Is 8854884539 prime?
True
Is 5451912353 a composite number?
True
Is 11138585243 composite?
True
Is 26964611449 a composite number?
True
Is 48029873 a composite number?
False
Is 47730707 composite?
False
Is 55239761741 composite?
True
Is 8351604917 a composite number?
True
Is 166101563 composite?
False
Is 8717846251 prime?
False
Is 188653039017 prime?
False
Is 45481423249 prime?
False
Is 3603496607 a composite number?
False
Is 4982400053 a composite number?
True
Is 6297582757 a prime number?
True
Is 22333400993 a prime number?
False
Is 1555196117 a composite number?
True
Is 14209400797 prime?
True
Is 1466043697 prime?
True
Is 85983633851 a composite number?
False
Is 612391069 prime?
True
Is 470007247 composite?
False
Is 36979433459 composite?
False
Is 191204563117 a prime number?
False
Is 137450099 prime?
False
Is 15447122921 a composite number?
False
Is 22810207 prime?
False
Is 4306289153